 w + 1. Suppose 2*l = -3*n + 12 - 1, -24 = -5*l - 4*n. Suppose -h - 3 = -l. What is j(h)?
8
Let n(b) = 2*b - b**2 - 8*b + 2 - 6. Determine n(-4).
4
Let w(u) = 2*u. Suppose -4*s = x - 121, s + 99 = 4*s - 2*x. Suppose -4*y + 4*h + h = -s, 0 = -3*h - 9. Give w(y).
8
Let x be (3 - 8/4) + 1. Let w(f) = f**3 - 3*f**2 + 6 + 0*f**2 - 9*f + f**2 - 5*f**x. What is w(8)?
-2
Let l(t) = -7*t**2 - 6*t + 4. Let d(r) = -r**2 + 1. Let p(x) = -6*d(x) + l(x). Determine p(-5).
3
Let x(t) = -t**3 + 2*t. Let i = 2 + 0. Calculate x(i).
-4
Suppose 2*b + 2*b = -8. Let j be (-52)/(-8) - b/4. Let s = -3 + j. Let z(h) = 3*h - 4. Determine z(s).
8
Let m(g) = g**2 + 6*g + 5. Let d be -28 + -1 - (10 - 10). Let w = d + 23. Give m(w).
5
Suppose 3*k = -9 + 18. Let h(l) = 3 - 4*l**k - 1 + 5*l**3 - 2*l + 0 + 3*l**2. Determine h(-3).
8
Let a(b) = 5*b + 1. Let v be a(-1). Suppose -15 = -3*y - 2*t, 13 = 4*y + t - 2. Let c(f) = y*f + 5 + 6 - 6. Give c(v).
-7
Let t = 18 - 10. Let l be 36/t*4/6. Let v(r) = -r**3 + r**2 + 3*r + 2. Calculate v(l).
-7
Let z = 12 + -20. Let t be (z - -2)/(0 + 2). Let s(q) = -q**3 - 3*q**2 + 3*q + 4. Determine s(t).
-5
Let n(x) = x**2 + 2 - 49*x + 40*x - 3. Give n(5).
-21
Let l(m) = -6*m**2 + 24*m + 19. Let j(d) = d**2 - 5*d - 4. Let t(n) = -11*j(n) - 2*l(n). Calculate t(-4).
-6
Let k(l) = -13*l + 1. Suppose 0 = 2*a - a - 1. Determine k(a).
-12
Let g(i) = -i**2 + 3*i + 3*i + 0 - 5 - 5*i. What is g(0)?
-5
Suppose 1 = -2*i + 3*i. Let m(v) = 5*v**2 + 939*v - 2*v**2 - 940*v. What is m(i)?
2
Let i(g) = g**2 - 5*g + 5. Let m be (1/3)/(4/72). Give i(m).
11
Let x(d) = 5*d**2 + d - 9*d**2 + 0*d**3 + 1 + d**3. Let z(t) = 2*t**2 + 7*t + 4. Let r be z(-4). Let b = 12 - r. Give x(b).
5
Let h(x) = -x**3 - 4*x**2 - 2*x + 2. Let z be 19/(-3) - (-1)/3. Let p = -11 - z. Let o = p - -3. Give h(o).
-2
Let n = -35 + 37. Let f(q) = -3*q**2 + 3*q - 2. What is f(n)?
-8
Let q(f) = -f**3 - 6*f**2 - 5*f - 4. Let u be q(-5). Let n = u + 4. Suppose 3 = 3*y - n. Let g(i) = 2*i**3 + i**2 - i + 1. Determine g(y).
3
Let w(t) be the first derivative of -t**7/840 - t**6/120 - t**5/40 - t**4/12 - 5*t**3/3 - 6. Let r(v) be the third derivative of w(v). Calculate r(-2).
0
Let t(w) = -w**3 + 5*w**2 + 4*w - 5. Suppose -d + 3*d - 10 = 0. Give t(d).
15
Let o(y) = -3*y - 16. Let w(s) = s + 5. Let u(f) = 2*o(f) + 7*w(f). What is u(4)?
7
Let s = -16 + 22. Let y(k) = -k**3 + 5*k**2 + 7*k - 2. Determine y(s).
4
Let f(g) = -10*g**2 + 2 - 10*g**2 - 3 + 22*g**2. Let k be (-1)/2 + (-1)/2. Determine f(k).
1
Let m(h) = -1 - 1 + 3*h + 9*h - 4*h**2 - 9*h + h**3. Determine m(3).
-2
Let z(a) be the third derivative of 0*a - 3*a**2 - 1/30*a**5 + 1/120*a**6 - 2/3*a**3 + 0*a**4 + 0. Determine z(3).
5
Let g(o) = o**2 + o. Let v(f) = 2*f + 1. Let r be v(1). Let x(c) = c**3 + 2*c**2 - 2*c + 2. Let y(d) = r*g(d) + x(d). Determine y(-5).
-3
Suppose 0 = 4*n + 17 + 3. Let b be (n/(-15))/((-1)/(-3)). Let o(g) = -7*g**2 - g. Determine o(b).
-8
Let s(c) be the first derivative of c**4/2 + 4*c**3/3 + c**2 - 2*c + 2. Calculate s(-2).
-6
Let a be 1 + 9 - 0/(-1). Let y be (-15)/(-2)*a/15. Let k(b) = b + 4. Determine k(y).
9
Let g(q) be the second derivative of -q**8/6720 + q**7/504 - q**6/360 - q**5/30 + q**4/6 - 4*q. Let r(y) be the third derivative of g(y). Calculate r(3).
8
Suppose 4 = -2*r, 0*r + 16 = 3*h + r. Let t(c) = c**2 - 5*c - 7. Give t(h).
-1
Let g be 1*-2 - (-1 + 1). Let s(r) = -5*r**2 + 6*r + 4. Let m(l) = 14*l**2 - 17*l - 11. Let h(k) = -4*m(k) - 11*s(k). Determine h(g).
-8
Let t = -4 - -4. Let y be (-2)/(-4) - 9/2. Let b(x) = 3*x**3 - x**2 - 4*x - 7. Let g(m) = 7*m**3 - 2*m**2 - 9*m - 14. Let c(s) = y*g(s) + 9*b(s). Give c(t).
-7
Let u = -9 - -13. Let g = 3 - u. Let f(r) = -6*r**2 + 1. Determine f(g).
-5
Let m(o) be the third derivative of -1/60*o**5 + 0*o**4 - 5*o**2 + 0*o - 7/120*o**6 + 0*o**3 + 0. What is m(1)?
-8
Suppose 1 = -2*f - 3. Let v(u) = 3*u + 2. Determine v(f).
-4
Suppose 0*r = -4*r + 8. Let u(g) = 8*g**2 + 4*g + 5. Let l = 14 + -8. Let j(y) = 15*y**2 + 7*y + 9. Let x(f) = l*j(f) - 11*u(f). Give x(r).
3
Let r be (-1)/(-2 + 0 + 90/42). Let a(p) be the third derivative of -p**5/60 - 7*p**4/24 - p**2. Give a(r).
0
Let y(r) = -4*r**2 + 2*r - 1. Let p(s) = -s + 4. Let j be p(3). Determine y(j).
-3
Suppose 0 = -5*m + s + 107, 8 = -s - 3*s. Let a = 17 - m. Let l(k) = k**3 + 4*k**2 - 2*k. Calculate l(a).
8
Suppose 4*b = -47 + 31. Let a(g) = -g**2 - 3*g + 2. What is a(b)?
-2
Let l(z) = -7*z - 3 + 6 - 2 + 12*z. Give l(1).
6
Let y(p) = -2*p**2 + p + 1. Let o = -1 + 0. Let n(w) = -4*w**3 - 2*w**2 - 2*w - 1. Let a be n(o). Suppose 0 = -a*t - 2 - 4. Give y(t).
-9
Let d(h) be the first derivative of 5*h**4/4 + h**3/3 + h**2/2 + h - 6. Determine d(-1).
-4
Let v(x) = -4*x - 2. Let b be v(-5). Suppose -3*h + 0*h = b. Let c be (9/(-4))/(h/16). Let s(w) = w**2 - 7*w + 9. Calculate s(c).
3
Suppose -4*t - 10 = -2*t. Let x be -2*1*t/(-2). Let q(k) = -3*k**3 - 5*k**2 + 4. Let c(b) = 16*b**3 + 25*b**2 - 20. Let y(v) = -2*c(v) - 11*q(v). Give y(x).
-4
Let s(x) = -5*x**2 + 5*x - 4. Let z(p) be the third derivative of -p**5/10 + 5*p**4/24 - 5*p**3/6 + p**2. Let t(d) = 7*s(d) - 6*z(d). Let m = 3 + -6. Give t(m).
-4
Let m(n) be the first derivative of 3*n**2/2 - 4*n - 6. Let v = -6 + 10. Calculate m(v).
8
Let x(a) = a + 6. Let b(o) = 7. Let s(t) = -4*b(t) + 5*x(t). What is s(-2)?
-8
Let g(q) = -q**3 - q**2 + q + 1. Suppose w - 2*w = 6. Let c be w/4 + 1/2. What is g(c)?
0
Let k(a) = -1 + 5*a**2 + 0*a**2 - 3 - 4*a**2. Give k(-3).
5
Let n(w) = -w**2 + 4*w + 1. Let b be 4/(((-2)/(-1))/16). Suppose l + 15 = -5*a, b = 4*l - a - 2*a. Let q be (l/2)/(3/6). Determine n(q).
-4
Let p(n) = n**2 + 8*n - 3. Let z be (-3 + 7)/(((-3)/1)/6). What is p(z)?
-3
Let v(t) = t**3 + 7*t**2 + 9*t + 9. Let y be (-4)/(-14) - 132/21. Give v(y).
-9
Suppose 0 = -c + 2*c + 1. Let s(f) = 29*f**3 - 14*f**2 - 14*f + 11. Let n(q) = 10*q**3 - 5*q**2 - 5*q + 4. Let g(x) = -11*n(x) + 4*s(x). Give g(c).
-6
Let k be (-2)/(-8)*-2*0. Let n(m) be the first derivative of 6*m - 8 - 1/2*m**2. Calculate n(k).
6
Let q be 9/(-2)*4/(-3). Let d(w) = 2*w**2 - w**2 - 6*w + 0*w**2 + 2. Determine d(q).
2
Let y(f) = 0*f**3 + 29*f - 5*f**3 - 30*f + f**2 + 1. Give y(1).
-4
Let t(q) = -q**2 - q + 6. Let o be -2 - -10 - 5 - 3. What is t(o)?
6
Let c(g) be the first derivative of g**2/2 + 5*g - 11. Determine c(-4).
1
Suppose y - 7 = 5*q, 2*y + 3*y - q - 11 = 0. Let o(a) = a**2 - 3*a + 2. Give o(y).
0
Suppose -6*n + 2*n = -8. Suppose 3*l - 18 - 2 = -n*v, l = -2*v + 8. Let j(r) = -r - l + 1 + 3 + 3. Calculate j(5).
-4
Suppose 0 = -3*p, -16 = -o + 5*o - p. Let w(a) be the third derivative of -a**5/60 - a**4/12 + a**3/3 + a**2. What is w(o)?
-6
Let m(v) = -v - 5. Let u(s) = 2*s + 9. Let y(f) = 7*m(f) + 4*u(f). Suppose 3 = -d + 6. Let n = d - 1. Determine y(n).
3
Let n(g) = 11*g**3 + 18*g**2 - 11*g - 8. Let o(b) = 7*b**3 + 12*b**2 - 7*b - 5. Let y(k) = 5*n(k) - 8*o(k). What is y(-6)?
-6
Let v(y) be the third derivative of y**4/24 + 3*y**3/2 + 51*y**2. Give v(-4).
5
Let t = 13 - 11. Suppose -t*h - h - 9 = 0. Let q(k) = k**3 + k**2 - 2*k + 4. Give q(h).
-8
Suppose -4*y + 10 = y. Let l(r) = -7*r + 0*r**2 - r**2 + y*r - 2. Calculate l(-4).
2
Let z(q) = 7*q**3 + 3*q**2 + 1. Let u(a) = a**3. Let l(w) = -6*u(w) + z(w). Give l(-3).
1
Let i(n) = -4*n + n + 4*n. Suppose 3 = -0*v - v. Calculate i(v).
-3
Let j(z) = -z**2 - z**3 + 95 - 92 - 6*z**2 - 6*z. What is j(-6)?
3
Let p be 0 - (-6 + 0 + 2). Suppose 1 = 2*i - 3*i + 2*v, -p*i = -2*v - 14. Let j(o) = o**3 - 6*o**2 + 4*o + 7. What is j(i)?
2
Let r(l) = 7*l**3 + 11*l**2 - 2. Let a(z) = 11*z**3 + 17*z**2 - 3. Suppose -6 = -2*u + 4. Let s(m) = u*a(m) - 8*r(m). What is s(-2)?
-3
Let s(g) = -2*g**3 + 3*g**2. Let p(d) = d + 6. Let y be p(-4). Calculate s(y).
-4
Let x(n) = -4*n**2 + 10*n + 4. Let c(m) = m**2 - m. Let s(o) = -3*c(o) - x(o). Determine s(6).
-10
Let u(j) = j - 10. Let w be u(6). Let a(x) be the second derivative of -5/2*x**2 + x - 1/2*x**3 + 0. What is a(w)?
7
Let g(d) = 10*d**3 - 12*d**2 - 13*d + 6. Let z(j) = 3*j**3 - 4*j**2 - 4*j + 2. Let x(r) = 2*g(r) - 7*z(r). Let n be 3/(14/8 - 1). Suppose 0 - n = -k. Give x(k).
6
Let u(b) be the second derivative of -b**3/6 + 11*b**2/2 - 7*b. Calculate u(0).
11
Let a be (5 - 1) + 0 - 1. Suppose 4*w + 5*